mmon factor of 15 and 451949235?
15
Calculate the highest common divisor of 240 and 10339356.
12
Calculate the greatest common factor of 4480 and 86648.
8
Calculate the greatest common divisor of 359517055 and 393.
131
What is the greatest common factor of 24 and 40269704?
8
Calculate the highest common factor of 23520 and 31749648.
2352
What is the highest common divisor of 666928562 and 17526?
5842
Calculate the greatest common factor of 1401824 and 6887.
71
Calculate the greatest common divisor of 231092792 and 7.
7
What is the greatest common divisor of 16370612 and 54712?
3908
What is the highest common divisor of 3607 and 328226179?
3607
Calculate the greatest common divisor of 2156080 and 360.
40
What is the highest common divisor of 8384 and 1829760?
64
What is the greatest common divisor of 1626 and 8848963?
271
Calculate the highest common divisor of 165 and 1130118.
33
Calculate the greatest common factor of 2574 and 148088160.
198
What is the greatest common factor of 310 and 740510?
10
What is the greatest common factor of 24685 and 2902956?
4937
What is the highest common factor of 51384398 and 6726?
2242
What is the greatest common divisor of 20786649 and 5655?
1131
Calculate the highest common divisor of 7938683 and 185.
37
Calculate the highest common divisor of 930 and 490575.
465
What is the greatest common divisor of 84105 and 1348795?
3115
Calculate the greatest common factor of 3960 and 12742560.
360
Calculate the highest common factor of 725838 and 573.
3
What is the highest common factor of 7185 and 534427485?
7185
What is the greatest common divisor of 285296340 and 280?
140
Calculate the greatest common factor of 39525 and 326400.
1275
What is the greatest common divisor of 55513627 and 169?
169
Calculate the highest common divisor of 21 and 669487476.
21
Calculate the greatest common factor of 5813889 and 16878.
291
Calculate the highest common divisor of 503530660 and 20.
20
What is the highest common divisor of 17 and 1595778219?
17
Calculate the greatest common factor of 9530196 and 114.
6
Calculate the highest common factor of 49049 and 70213.
143
Calculate the highest common divisor of 53166763 and 79.
79
What is the greatest common divisor of 28231 and 37037?
259
What is the greatest common divisor of 50583508 and 64?
4
Calculate the highest common divisor of 71 and 22138297.
71
What is the highest common factor of 128097 and 4867299?
387
Calculate the greatest common divisor of 212 and 2021314.
106
What is the greatest common divisor of 130052 and 42212?
244
What is the highest common factor of 94866 and 15648?
978
What is the highest common divisor of 5772 and 48914?
74
Calculate the greatest common divisor of 6 and 2261508762.
6
Calculate the greatest common divisor of 44667 and 1457704.
709
What is the highest common divisor of 460 and 240210?
10
What is the highest common factor of 15266 and 22168?
34
Calculate the greatest common factor of 12616574 and 10.
2
Calculate the highest common divisor of 120248390 and 10.
10
What is the greatest common factor of 21483746 and 344?
86
What is the greatest common divisor of 138 and 4300034?
46
Calculate the highest common divisor of 184 and 99568104.
184
Calculate the greatest common factor of 42 and 14819014.
14
What is the greatest common divisor of 133 and 142939?
1
What is the greatest common divisor of 1700514 and 132?
6
Calculate the highest common factor of 13318208 and 13192.
136
Calculate the highest common divisor of 25217100 and 4320.
180
What is the highest common divisor of 23272566 and 6?
6
What is the greatest common divisor of 32674 and 123556?
34
What is the greatest common divisor of 2091 and 694581?
123
Calculate the highest common factor of 46426960 and 17465.
2495
What is the highest common factor of 11039 and 94069?
19
What is the highest common divisor of 9 and 14629599?
9
What is the highest common divisor of 51797706 and 6?
6
Calculate the greatest common divisor of 12207367 and 508.
127
Calculate the greatest common divisor of 24 and 26164184.
8
Calculate the greatest common divisor of 451976 and 37128.
56
Calculate the greatest common factor of 124 and 543576.
4
Calculate the highest common divisor of 3224 and 49384.
8
Calculate the highest common factor of 24787402 and 1682.
58
Calculate the highest common divisor of 878885431 and 1139.
1139
Calculate the highest common factor of 3595383 and 47817.
2277
What is the greatest common factor of 1913528 and 64?
8
Calculate the greatest common factor of 51 and 469886460.
51
Calculate the highest common factor of 41197 and 133471.
13
What is the greatest common factor of 48913 and 5035653?
1193
What is the highest common factor of 77554785 and 2310?
1155
What is the highest common divisor of 682 and 1048234?
682
Calculate the highest common factor of 10147466 and 27626.
1454
Calculate the highest common factor of 3040 and 14548395.
95
Calculate the highest common factor of 180600 and 41045865.
4515
Calculate the greatest common divisor of 8368755 and 9.
3
Calculate the greatest common divisor of 2300867723 and 3143.
3143
Calculate the highest common factor of 34980937 and 10447.
337
What is the greatest common factor of 665326 and 42586?
214
Calculate the highest common divisor of 5957 and 344397998.
5957
What is the greatest common divisor of 2042865 and 132?
33
What is the highest common factor of 999 and 9294363?
333
What is the greatest common factor of 9856 and 17541139?
77
What is the greatest common factor of 744 and 5458528?
8
Calculate the highest common divisor of 1787472 and 28872.
72
Calculate the highest common divisor of 792 and 1817784.
72
What is the greatest common divisor of 372 and 23880664?
124
Calculate the highest common factor of 13494 and 617578.
26
Calculate the greatest common divisor of 958402219 and 563.
563
Calculate the highest common factor of 364554253 and 7.
7
What is the greatest common factor of 895538327 and 23?
23
What is the greatest common divisor of 4645118 and 2150?
86
Calculate the highest common divisor of 1076 and 82185149.
269
What is the greatest common divisor of 54 and 63521037?
27
Calculate the greatest common divisor of 325250 and 293000.
250
Calculate the highest common factor of 419997 and 5409.
3
What is the greatest common factor of 108110 and 4351?
19
What is the greatest common factor of 836 and 7953286?
418
What is the highest common divisor of 34629812 and 1334?
46
What is the greatest common divisor of 928 and 5418288?
16
Calculate the greatest common factor of 78251481 and 1330.
133
What is the highest common divisor of 1419434 and 1856?
58
Calculate the highest common divisor of 6471 and 1586833.
719
What is the highest common divisor of 2612114 and 58546?
802
Calculate the highest common factor of 135776 and 253040.
16
Calculate the greatest common divisor of 1839 and 822479264.
613
What is the greatest common divisor of 237679 and 245869?
13
Calculate the greatest common factor of 90072 and 5936412.
1668
What is the highest common factor of 11492228 and 33?
11
What is the greatest common divisor of 1352 and 40703936?
104
Calculate the highest common divisor of 4061 and 14353.
31
What is the greatest common factor of 62198 and 1711678?
274
What is the greatest common divisor of 1490594 and 1666?
238
What is the greatest common factor of 3094 and 4859348?
442
Calculate the highest common factor of 38 and 73494907.
19
Calculate the greatest common divisor of 1533 and 550431.
21
Calculate the greatest common factor of 22 and 8421996.
22
What is the greatest common divisor of 6549349 and 933?
311
What is the greatest common divisor of 315 and 190265355?
315
What is the highest common divisor of 1164563 and 1?
1
What is the greatest common divisor of 528 and 655952?
176
What is the greatest common divisor of 505536 and 14208?
192
What is the highest common factor of 15154412 and 12376?
6188
What is the highest common divisor of 45903 and 85015887?
3531
Calculate the greatest common factor of 53513223 and 77717.
3379
What is the greatest common factor of 4844103 and 1105005?
5973
What is the greatest common divisor of 2090 and 21007635?
1045
Calculate the highest common divisor of 42 and 5137842.
6
What is the greatest common divisor 